f 373842 and 26058.
258
What is the greatest common divisor of 23095 and 2680510?
745
What is the greatest common factor of 380 and 26044820?
380
Calculate the highest common divisor of 4391682 and 96960.
606
Calculate the highest common divisor of 54 and 46263582.
54
What is the highest common divisor of 67569 and 3825577?
101
What is the highest common divisor of 139632 and 66352?
16
What is the highest common factor of 156 and 8936720?
52
What is the greatest common factor of 696 and 395776?
8
Calculate the highest common divisor of 8229 and 16027349.
2743
What is the highest common factor of 258048 and 26124?
84
Calculate the greatest common factor of 15138 and 235548.
18
What is the highest common divisor of 1164251 and 10441?
53
Calculate the greatest common divisor of 8135874 and 91440.
2286
Calculate the highest common factor of 11360 and 1922560.
160
What is the highest common divisor of 48936 and 91968?
24
What is the greatest common factor of 59840 and 183634?
374
What is the highest common divisor of 2265 and 156775?
5
What is the highest common factor of 40 and 21595240?
40
Calculate the greatest common factor of 35420 and 3594210.
230
Calculate the highest common factor of 798833 and 30163.
973
Calculate the greatest common divisor of 5739 and 64869830.
1913
What is the highest common factor of 8673 and 49624428?
1239
What is the greatest common factor of 935 and 23243?
11
What is the highest common divisor of 361116614 and 1762?
1762
What is the greatest common factor of 86565 and 829631?
199
Calculate the greatest common factor of 10855 and 6872885.
835
What is the highest common factor of 37785 and 10534000?
1145
Calculate the highest common factor of 13962 and 7768242.
1074
Calculate the highest common divisor of 31959248 and 64.
16
What is the greatest common divisor of 124768 and 24878?
14
What is the highest common factor of 356370 and 1000?
10
What is the greatest common divisor of 7570607 and 1452?
121
Calculate the highest common divisor of 15260879 and 11272.
1409
What is the highest common divisor of 8588 and 464740?
76
Calculate the highest common factor of 84 and 7493868.
12
What is the highest common factor of 86173 and 565947?
2329
What is the greatest common factor of 54223 and 1348009?
1261
What is the highest common factor of 544 and 8007136?
544
What is the greatest common divisor of 42050 and 1641400?
1450
Calculate the greatest common divisor of 509197 and 26.
13
Calculate the greatest common factor of 1357740 and 2167140.
1140
Calculate the greatest common divisor of 292248 and 2187.
81
What is the greatest common divisor of 97543540 and 414410?
14290
Calculate the greatest common factor of 37873116 and 3.
3
Calculate the highest common divisor of 24682 and 34097322.
574
Calculate the greatest common divisor of 18 and 1879692.
6
What is the highest common divisor of 8877769 and 4047?
1349
Calculate the greatest common factor of 8016207 and 2881800.
4803
Calculate the greatest common divisor of 6515 and 37787.
1303
What is the greatest common factor of 81680 and 23920?
80
Calculate the highest common divisor of 51971907 and 559.
559
What is the greatest common divisor of 31436016 and 144?
48
Calculate the highest common divisor of 100788223 and 527.
527
What is the greatest common factor of 21510540 and 900?
180
Calculate the highest common factor of 881615 and 1120.
35
Calculate the greatest common factor of 12691140 and 10787.
469
What is the greatest common divisor of 51460330 and 20050?
4010
What is the highest common divisor of 526625 and 8525?
275
Calculate the highest common factor of 2549 and 4180370196.
2549
What is the highest common divisor of 14575459 and 656?
41
What is the greatest common factor of 343985 and 20098?
773
Calculate the highest common divisor of 7950 and 636925.
25
What is the greatest common factor of 77784 and 74193?
21
Calculate the greatest common factor of 138 and 178200.
6
What is the highest common divisor of 112 and 7977228?
28
What is the highest common divisor of 426 and 9118743?
213
Calculate the greatest common factor of 11024 and 19658548.
2756
What is the highest common divisor of 43 and 70399385?
43
What is the greatest common divisor of 4 and 6665524?
4
Calculate the greatest common divisor of 891 and 318175.
11
Calculate the highest common factor of 2046980 and 195.
65
What is the highest common divisor of 2715 and 35198165?
905
Calculate the greatest common factor of 1225 and 240065.
35
What is the highest common divisor of 41430 and 49430?
10
What is the highest common factor of 1067272460 and 2335?
2335
What is the greatest common factor of 748501 and 78?
13
What is the greatest common divisor of 1485 and 4752675?
135
What is the greatest common factor of 136638 and 55701?
9
What is the highest common factor of 152848 and 12464?
656
What is the highest common divisor of 2466809 and 19749?
227
Calculate the greatest common factor of 6835315 and 3485.
205
What is the greatest common divisor of 12376 and 339831128?
728
What is the greatest common divisor of 139581 and 873?
9
Calculate the greatest common factor of 2965184 and 187489.
433
What is the highest common divisor of 390227628 and 3255?
651
Calculate the greatest common divisor of 6241522 and 84.
14
Calculate the greatest common divisor of 2641650 and 320.
10
What is the greatest common divisor of 12952080 and 223920?
720
Calculate the highest common divisor of 6728348 and 1508.
116
Calculate the greatest common divisor of 68083808 and 976.
976
Calculate the greatest common divisor of 11662218 and 46706.
386
Calculate the greatest common factor of 2795 and 396965.
5
What is the greatest common divisor of 557706644 and 22?
22
Calculate the greatest common factor of 3913 and 24023584.
559
Calculate the greatest common factor of 7800429 and 101283.
273
What is the greatest common divisor of 432 and 3990672?
144
Calculate the highest common factor of 211356 and 2399282.
3914
Calculate the greatest common factor of 108 and 23337675.
9
Calculate the greatest common divisor of 62078892 and 6.
6
What is the highest common divisor of 32157230 and 2790?
310
Calculate the greatest common factor of 454526 and 19024.
82
What is the greatest common factor of 85704 and 8976?
24
What is the greatest common divisor of 11362 and 43999345?
5681
What is the greatest common factor of 675 and 1142627400?
225
What is the highest common factor of 62814003 and 210?
21
Calculate the greatest common factor of 570775 and 790.
395
Calculate the greatest common factor of 236657 and 2465.
17
Calculate the highest common factor of 2420 and 87235555.
605
Calculate the highest common divisor of 27073189 and 1245.
83
Calculate the greatest common divisor of 109144 and 2380.
28
What is the greatest common divisor of 38025 and 698425?
325
What is the highest common divisor of 66035 and 38728?
47
Calculate the highest common divisor of 176 and 393344842.
22
What is the greatest common divisor of 398729033 and 116?
29
Calculate the greatest common divisor of 367230 and 540.
30
Calculate the highest common divisor of 950000 and 675.
25
Calculate the highest common factor of 367665 and 480570.
2895
What is the highest common divisor of 13045460 and 1830?
610
Calculate the highest common divisor of 162300292 and 1309.
1309
Calculate the highest common factor of 24713 and 133445.
13
What is the greatest common factor of 101655 and 36910805?
1255
What is the highest common divisor of 8085 and 70057680?
1155
Calculate the highest common factor of 85609 and 2950.
59
Calculate the highest common factor of 1152 and 4954048.
64
What is the highest common factor of 610 and 17643030?
610
What is the greatest common factor of 21221470 and 44710?
2630
What is the greatest common factor of 36 and 3125292?
12
Calculate the highest common divisor of 143 and 74937269.
11
Calculate the greatest common divisor of 981620 and 6640.
20
What is the highest common factor of 931771666 and 3774?
1258
What is the greatest common factor of 5424435 and 230?
115
What is the greatest common factor of 196072476 and 165828?
12756
Calculate the greatest common divisor of 23 and 30409381.
23
Calculate the highest common divisor of 10860 and 302914722.
1086
What is the greate